{"version":"1.0","provider_name":"Csal\u00e1dfel\u00e1llit\u00e1s","provider_url":"https:\/\/csaladfelallitas.cafeblog.hu","author_name":"Petra.","author_url":"https:\/\/csaladfelallitas.cafeblog.hu\/author\/tpetra\/","title":"A m\u00f3dszer t\u00f6rt\u00e9nete","html":"<p>Bert Hellinger egy <strong>d\u00e9l-afrikai alap\u00edtv\u00e1nyi iskola <\/strong>szerzetes tan\u00e1rak\u00e9nt figyelte meg azt, hogy milyen sok der\u0171vel \u00e9lik mindennapjaikat az afrikai emberek, annak ellen\u00e9re, hogy t\u00f6rzsi h\u00e1bor\u00fak, \u00e9h\u00edns\u00e9gek, j\u00e1rv\u00e1nyok sokkal gyakrabban okoznak sz\u00e1mukra f\u00e1jdalmas vesztes\u00e9geket, mint a mostan\u00e1ban mindig b\u00faskomor eur\u00f3pai emberek sz\u00e1m\u00e1ra. Tan\u00faja lehetett a t\u00f6rzsi szertart\u00e1soknak, ahol az \u0151s\u00f6k szellem\u00e9vel, a saj\u00e1t sors neh\u00e9zs\u00e9geivel, az \u00e9l\u0151 csal\u00e1dtagokkal val\u00f3 megb\u00e9k\u00e9l\u00e9st el\u0151seg\u00edt\u0151 ritu\u00e1l\u00e9kat l\u00e1tott.<\/p>\r\n<p>\u00a0 \u00a0Felhagyva a szerzetesi \u00e9lettel visszat\u00e9rt Eur\u00f3p\u00e1ba, ahol tanulm\u00e1nyokba kezdett, hogy nyom\u00e1ra bukkanjon a mi kultur\u00e1nkban is a hasonl\u00f3 elj\u00e1r\u00e1soknak \u00e9s az eur\u00f3pai embernek is utat mutathasson a megb\u00e9k\u00e9l\u00e9s fel\u00e9. <strong>Jung-i <\/strong>anal\u00edzist, <strong>Erik Berne<\/strong>-t\u0151l Tranzakci\u00f3 Anal\u00edzist, <strong>Janov<\/strong>t\u00f3l az \u0150ski\u00e1lt\u00e1s m\u00f3dszer\u00e9t, Milton H. <strong>Erickson<\/strong>t\u00f3l hipn\u00f3zist \u00e9s a testtart\u00e1sokban megmutatkoz\u00f3 \u00e9rzelmek pontos elemz\u00e9s\u00e9t,<strong>B\u00f6sz\u00f6rm\u00e9nyi-Nagy<\/strong> Iv\u00e1nt\u00f3l csal\u00e1dter\u00e1pi\u00e1t tanult.<\/p>\r\n<p>\u00a0 Mindezen m\u00f3dszerek egy\u00fcttes alkalmaz\u00e1sa vezette m\u00f3dszere- melyet maga alkalmazott fenomenol\u00f3gi\u00e1nak nevez- kikrist\u00e1lyosod\u00e1s\u00e1hoz.M\u00f3dszer\u00e9t - sok tan\u00edtv\u00e1ny\u00e1t\u00f3l elt\u00e9r\u0151en- nem szabadalmaztatta. \u00a0<strong>-Az IGAZS\u00c1G term\u00e9szete olyan, mint a hull\u00e1m\u00e9- mondja-: felbukkan, majd visszaold\u00f3dik a k\u00f6zegbe, amelyb\u0151l sz\u00e1rmazik. <\/strong>\u00dagy v\u00e9li teh\u00e1t, hogy egy \u00e1ll\u00edt\u00e1s egy adott pillanatban igaz- hiszen hat\u00e1sa megfigyelhet\u0151-, majd a k\u00f6vetkez\u0151 pillanatban ki\u00fcresedve merev korl\u00e1tj\u00e1v\u00e1 v\u00e1lhat a fejl\u0151d\u00e9snek. \u00d3va int teh\u00e1t megfigyel\u00e9seinek, az \u00e1ltala le\u00edrt t\u00f6rv\u00e9nyszer\u0171s\u00e9geknek a dogmatikus alkalmaz\u00e1s\u00e1t\u00f3l. Mindannyiunkat <strong>\"az itt -\u00e9s -most\"<\/strong> felefedez\u00e9s\u00e9nek kalandj\u00e1ra h\u00edv, h\u00e1tra hagyva el\u0151zetes elk\u00e9pzel\u00e9seinket, v\u00e9lem\u00e9nyeinket. Tan\u00edt\u00e1sait gyakran kis t\u00f6rt\u00e9netekbe \u00e1gyazza.<\/p>\r\n<p>\u00a0 Hellinger maga is folyamatosan fejl\u0151dik, v\u00e1ltozik, ahogyan minden, ami \u00e9l\u0151. A kezdetben a <strong>\"Szisztematikus fel\u00e1ll\u00edt\u00e1s\"<\/strong>- nev\u0171 m\u00f3dszer\u00e9t alkalmazta, ahol nagyon fontosnak tartotta, hogy a csal\u00e1dtagokat pontosan megnevezve a csal\u00e1d rendj\u00e9t helyre\u00e1ll\u00edtsa. Mostanra ezt felv\u00e1ltotta a <strong>\"L\u00e9lekmozg\u00e1s\"<\/strong>- nak nevezett elj\u00e1r\u00e1s, ahol az energi\u00e1kat jelen\u00edtik meg a k\u00e9pvisel\u0151k, tisztelve az \u0151s\u00f6k intimit\u00e1s\u00e1t- megneves\u00edtetlen\u00fcl, s hagyva, hogy az \u00f6nmag\u00e1ban a mez\u0151ben rejl\u0151 rendez\u0151d\u00e9si hajlam m\u0171k\u00f6d\u00e9sbe l\u00e9pjen.<\/p>\r\n<p>\u00a0 \u00a0 \u00a0 \u00a0\u00dagy v\u00e9li, senki sem jogosult meg\u00edt\u00e9lni m\u00e1sok tapasztalat\u00e1t, \u00edgy azt sem, ki m\u0171velheti, ki nem ezt a m\u00f3dszert. \u00cdgy fordulhat el\u0151, hogy nagyon sok, k\u00fcl\u00f6nb\u00f6z\u0151 k\u00e9pzetts\u00e9g\u0171, \u00e9rdekl\u0151d\u00e9s\u0171 ember fordul szerte a vil\u00e1gon a csal\u00e1d\u00e1ll\u00edt\u00e1s fel\u00e9, hogy terapeutak\u00e9nt vagy csoporttagk\u00e9nt a megb\u00e9k\u00e9l\u00e9s \u00fatj\u00e1nak kov\u00e1csol\u00f3ja lehessen.<\/p>","type":"rich"}

Családfelállitás

A módszer története

<p>Bert Hellinger egy <strong>dél-afrikai alapítványi iskola </strong>szerzetes tanáraként figyelte meg azt, hogy milyen sok derűvel élik mindennapjaikat az afrikai emberek, annak ellenére, hogy törzsi háborúk, éhínségek, járványok sokkal gyakrabban okoznak számukra fájdalmas veszteségeket, mint a mostanában mindig búskomor európai emberek számára. Tanúja lehetett a törzsi szertartásoknak, ahol az ősök szellemével, a saját sors nehézségeivel, az élő családtagokkal való megbékélést elősegítő rituálékat látott.</p>
<p>   Felhagyva a szerzetesi élettel visszatért Európába, ahol tanulmányokba kezdett, hogy nyomára bukkanjon a mi kulturánkban is a hasonló eljárásoknak és az európai embernek is utat mutathasson a megbékélés felé. <strong>Jung-i </strong>analízist, <strong>Erik Berne</strong>-től Tranzakció Analízist, <strong>Janov</strong>tól az Őskiáltás módszerét, Milton H. <strong>Erickson</strong>tól hipnózist és a testtartásokban megmutatkozó érzelmek pontos elemzését,<strong>Böszörményi-Nagy</strong> Ivántól családterápiát tanult.</p>
<p>  Mindezen módszerek együttes alkalmazása vezette módszere- melyet maga alkalmazott fenomenológiának nevez- kikristályosodásához.Módszerét - sok tanítványától eltérően- nem szabadalmaztatta.  <strong>-Az IGAZSÁG természete olyan, mint a hullámé- mondja-: felbukkan, majd visszaoldódik a közegbe, amelyből származik. </strong>Úgy véli tehát, hogy egy állítás egy adott pillanatban igaz- hiszen hatása megfigyelhető-, majd a következő pillanatban kiüresedve merev korlátjává válhat a fejlődésnek. Óva int tehát megfigyeléseinek, az általa leírt törvényszerűségeknek a dogmatikus alkalmazásától. Mindannyiunkat <strong>"az itt -és -most"</strong> felefedezésének kalandjára hív, hátra hagyva előzetes elképzeléseinket, véleményeinket. Tanításait gyakran kis történetekbe ágyazza.</p>
<p>  Hellinger maga is folyamatosan fejlődik, változik, ahogyan minden, ami élő. A kezdetben a <strong>"Szisztematikus felállítás"</strong>- nevű módszerét alkalmazta, ahol nagyon fontosnak tartotta, hogy a családtagokat pontosan megnevezve a család rendjét helyreállítsa. Mostanra ezt felváltotta a <strong>"Lélekmozgás"</strong>- nak nevezett eljárás, ahol az energiákat jelenítik meg a képviselők, tisztelve az ősök intimitását- megnevesítetlenül, s hagyva, hogy az önmagában a mezőben rejlő rendeződési hajlam működésbe lépjen.</p>
<p>       Úgy véli, senki sem jogosult megítélni mások tapasztalatát, így azt sem, ki művelheti, ki nem ezt a módszert. Így fordulhat elő, hogy nagyon sok, különböző képzettségű, érdeklődésű ember fordul szerte a világon a családállítás felé, hogy terapeutaként vagy csoporttagként a megbékélés útjának kovácsolója lehessen.</p>
