{"version":"1.0","provider_name":"Csal\u00e1dfel\u00e1llit\u00e1s","provider_url":"https:\/\/csaladfelallitas.cafeblog.hu","author_name":"Petra.","author_url":"https:\/\/csaladfelallitas.cafeblog.hu\/author\/tpetra\/","title":"Magamr\u00f3l","html":"<p>dr. Ag\u00f3cs Gabriella<\/p>\r\n<p>1966-ban sz\u00fclettem, \u00fagyhogy volt szerencs\u00e9m kisdobosk\u00e9nt \u00e9s \u00fatt\u00f6r\u0151k\u00e9nt kezdeni k\u00f6z\u00f6ss\u00e9gi \u00e9letemet.(Ebb\u0151l az maradt vissza, hogy a mai napig szeretek t\u00e1bort\u0171z mellett bar\u00e1tokkal \u00e9nekelni). A kor szelleme a racionalit\u00e1s volt, \u00fagyhogy csak titokban jutottam el n\u00e9ha templomba, engedve a nagysz\u00fcl\u0151i unszol\u00e1snak.<\/p>\r\n<p>K\u00f6z\u00e9piskol\u00e1imat<img class=\" wp-image-91 alignleft\" src=\"https:\/\/csaladfelallitas.cafeblog.hu\/files\/2016\/01\/gabi-300x300.jpg\" alt=\"gabi\" width=\"244\" height=\"244\" \/> egy k\u00eds\u00e9rleti term\u00e9szettudom\u00e1nyos oszt\u00e1lyban v\u00e9geztem, ahol Boros Dezs\u0151 tan\u00e1r \u00far Marx Gy\u00f6rgy professzort gyakorta vend\u00e9g\u00fcl l\u00e1tta, hogy magfizik\u00e1r\u00f3l mes\u00e9ljen nek\u00fcnk. Megb\u00f3dultunk, beleszerett\u00fcnk az anyag var\u00e1zslatos vil\u00e1g\u00e1ba, a misztik\u00e1ba hajl\u00f3 \u00f6sszef\u00fcgg\u00e9sek felt\u00e1r\u00e1s\u00e1ba. A m\u00e1sik sok \u00f6r\u00f6met jelent\u0151 t\u00e1rgy az irodalom volt sz\u00e1momra, ahol az emberek k\u00f6z\u00f6tti viszonyok megismer\u00e9se jelentett sosem cs\u00f6kken\u0151 izgalmat.<\/p>\r\n<p>A p\u00e1lyav\u00e1laszt\u00e1s nem t\u0171nt egyszer\u0171nek, irodalm\u00e1r fizikus vagy fizikus irodalm\u00e1r szerettem volna lenni. Hogy \u00e9pp az orvosi egyetemre vettek fel, ezt m\u00e1r ink\u00e1bb az \u00e9giek int\u00e9zt\u00e9k, nem a saj\u00e1t elhat\u00e1roz\u00e1som. Legfeljebb az\u00e9rt egyezhettem bele, mert ebb\u0151l az ir\u00e1nyb\u00f3l is lehet a l\u00e9lekhez k\u00f6zeledni. \u00cdgy teh\u00e1t v\u00e9gig tanultam a csontok, az izmok, a bels\u0151 szervek, az agy molekul\u00e1ris m\u0171k\u00f6d\u00e9s\u00e9t. Egy ny\u00e1ri gyakorlaton csaknem elcs\u00e1b\u00edtott az egyik oktat\u00f3m a belgy\u00f3gy\u00e1szat fel\u00e9: -Ne legy\u00e9l bolond dilidoki, legy\u00e9l okos belgy\u00f3gy\u00e1sz!- mondta. Azt\u00e1n a viziten kifejtette, hogy <em>-a betegek fele \"bolond\", nem lehet vel\u00fck mit csin\u00e1lni. Ki-be j\u00e1rnak a k\u00f3rh\u00e1zb\u00f3l, pedig csak a fej\u00fckben kellene rendet tenni<\/em>.-<\/p>\r\n<p>\u00a0L\u00e1tv\u00e1n, mekkora a kih\u00edv\u00e1s, maradtam teh\u00e1t a pszichi\u00e1tri\u00e1n\u00e1l. Azonban hi\u00e1ba tanultam meg az agy anat\u00f3mi\u00e1j\u00e1t, m\u0171k\u00f6d\u00e9s\u00e9t, molekul\u00e1inak titkait, sajnos \u2013b\u00e1r a p\u00e1ciensek fele meggy\u00f3gyult- igen sokan maradtak, akiknek a neh\u00e9zs\u00e9geit m\u00e9g csak meg sem \u00e9rtettem. \u00cdgy indultam el a pszichoter\u00e1pi\u00e1k vil\u00e1ga fel\u00e9.<\/p>\r\n<p>A T\u00fcnd\u00e9rhegyi Pszichoter\u00e1pi\u00e1s Oszt\u00e1lyon a pszichoanal\u00edzis alapjaival ismerkedtem, Daubner B\u00e9l\u00e1n\u00e1l az Integrat\u00edv Pszichoter\u00e1pi\u00e1s Egyes\u00fclet szervez\u00e9s\u00e9ben hipn\u00f3zist, NLP-t tanultam. Elkezdtem az ismerked\u00e9st a pszichodr\u00e1m\u00e1val is, azonban Fadgyas Ildik\u00f3, aki j\u00e1rt Bert Hellingern\u00e9l egy alkalommal \u00e9pp az \u00e9n p\u00e9ld\u00e1mon mutatta be a csoportnak a m\u00f3dszer m\u0171k\u00f6d\u00e9s\u00e9t. Akkor \u00e9reztem el\u0151sz\u00f6r, hogy meg\u00e9rkeztem abba a vil\u00e1gba, amelyet ifj\u00fakori \u00e1lmaim el\u0151revet\u00edtettek (fizikus irodalm\u00e1r :-))))). Az energi\u00e1k, az emberi kapcsol\u00f3d\u00e1sok egy k\u00e9pben jelentek meg.<\/p>\r\n<p>A Hellinger Int\u00e9zet \u00e1ltal szervezett k\u00e9pz\u00e9sen csal\u00e1d- \u00e9s rendszer \u00e1ll\u00edt\u00f3i v\u00e9gzetts\u00e9get szereztem.<\/p>\r\n<p>M\u00e1r csal\u00e1d\u00e1ll\u00edt\u00f3k\u00e9nt \u00e9reztem a hi\u00e1ny\u00e1t a test energetikai rendszer\u00e9nek m\u00e9lyebb ismeret\u00e9nek, \u00edgy el\u0151bb testterapeuta, majd l\u00e9gz\u00e9str\u00e9neri v\u00e9gzetts\u00e9get szereztem a Transzperszon\u00e1lis Pszichol\u00f3gia \u00e9s L\u00e9gz\u00e9s Int\u00e9zetben.\u00a0<\/p>\r\n<p>Lez\u00e1rult egy k\u00f6r, \u00fajra a testet vizsg\u00e1lom \u00e9s ny\u00edlik az \u00fajabb kapu a transzperszon\u00e1lis szintek fel\u00e9. Itt m\u00e1r mit sem \u00e9rnek a pap\u00edrok, csak mindaz, ahogy a saj\u00e1t szem\u00e9lyis\u00e9gem r\u00e9tegeit h\u00e1ntva, gy\u00f3gy\u00edtgatva a gyermekkori sebeket \u00e9n is \u00faton vagyok.<\/p>\r\n<p><strong>V\u00e9gzetts\u00e9geim:<\/strong><\/p>\r\n<p><strong>1984<\/strong>-ben \u00e9retts\u00e9giztem J\u00e1szber\u00e9nyben a Lehel Vez\u00e9r Gimn\u00e1zium Integr\u00e1lt Term\u00e9szettudom\u00e1nyos szak\u00e1n.<\/p>\r\n<p><strong>1991<\/strong>-ben \u00a0A SZOTE \u00c1ltal\u00e1nos Orvostudom\u00e1nyi kar\u00e1n diplom\u00e1t szereztem.<\/p>\r\n<p><strong>1996<\/strong>-ban Pszichi\u00e1tri\u00e1b\u00f3l szakvizsg\u00e1t tettem.<\/p>\r\n<p><strong>2000<\/strong>-ben a HIETE-T\u00fcnd\u00e9rhegyi Pszichoter\u00e1pi\u00e1s k\u00e9pz\u00e9s Klinikai I \u00e9s II. f\u00e1zis\u00e1t eredm\u00e9nyesen z\u00e1rtam. (Az anal\u00edtikusan orient\u00e1lt r\u00f6vid dinamikus pszichoter\u00e1pia \u00e9s a pszichoter\u00e1pia alapjai voltak a k\u00e9pz\u00e9s f\u0151 t\u00e9m\u00e1i).<\/p>\r\n<p><strong>2000-2002<\/strong>\u00a0k\u00f6z\u00f6tt 300 \u00f3ra pszichodr\u00e1ma \u00f6nismereti k\u00e9pz\u00e9st teljes\u00edtettem.<\/p>\r\n<p><strong>2001-2002<\/strong>-ben az Integrat\u00edv Pszichoter\u00e1pi\u00e1s Egyes\u00fclet szervez\u00e9s\u00e9ben, Daubner B\u00e9la vezet\u00e9s\u00e9vel Hipn\u00f3zis, KIP, NLP alapk\u00e9pz\u00e9sen vettem r\u00e9szt.<\/p>\r\n<p><strong>2006-2008<\/strong> k\u00f6z\u00f6tt a Hellinger Int\u00e9zet \/www.hellingerintezet.hu\/ k\u00f6zrem\u0171k\u00f6d\u00e9s\u00e9vel, a n\u00e9metorsz\u00e1gi IFOSYS szervez\u00e9s\u00e9ben Intergat\u00edv sziszt\u00e9mikus rendszer- \u00e9s csal\u00e1d\u00e1ll\u00edt\u00f3k\u00e9nt v\u00e9geztem.\u00a0<\/p>\r\n<p><strong>2008-2009<\/strong>-ben a Transzperszon\u00e1lis Pszichol\u00f3gia \u00e9s L\u00e9gz\u00e9s Int\u00e9zet \/www. transzlegzes.hu\/ Testakad\u00e9mia szak\u00e1n testterapeuta min\u0151s\u00edt\u00e9st szereztem.<\/p>\r\n<p><strong>2010-2011-<\/strong>ben szint\u00e9n a TPLI-ben l\u00e9gz\u00e9str\u00e9neri min\u0151s\u00edt\u00e9st szereztem.<\/p>\r\n<p><strong>2010-2012-ig <\/strong>\u00e1ltal\u00e1nos l\u00e9lektani alapismereteket oktatta a Hellinger Int\u00e9zetben \u00e9s a Transzperszon\u00e1lis Pszichol\u00f3gia \u00e9s Energial\u00e9gz\u00e9s Int\u00e9zet hallgat\u00f3inak.\u00a0<\/p>\r\n<p><strong>2012. 10. 12-n ind\u00edtottam Farkas Zit\u00e1val \u00e9s V\u00e1gv\u00f6lgyi D\u00f3r\u00e1val az Integr\u00e1l Szeml\u00e9let\u0171 Csal\u00e1d\u00e1ll\u00edt\u00f3 k\u00e9pz\u00e9st.<\/strong><\/p>\r\n<p>&nbsp;<\/p>\r\n<p>\u00c9s sose feledj\u00fck:<\/p>\r\n<p>\"...r\u00e9sz szerint van benn\u00fcnk az ismeret, r\u00e9sz szerint a pr\u00f3f\u00e9t\u00e1l\u00e1s.<\/p>\r\n<p>De mikor elj\u0151 a teljess\u00e9g, a r\u00e9sz szerint val\u00f3 elt\u00f6r\u00f6ltetik. ...<\/p>\r\n<p>Most t\u00fck\u00f6r \u00e1ltal, hom\u00e1lyosan l\u00e1tunk, akkor sz\u00ednr\u0151l-sz\u00ednre.\u00a0<\/p>\r\n<p>most r\u00e9sz szerint van bennem az ismeret, akkor pedig \u00fagy ismerek majd, amint \u00e9n is megismertettem\"<br \/><br \/><\/p>","type":"rich"}

Családfelállitás

Magamról

<p>dr. Agócs Gabriella</p>
<p>1966-ban születtem, úgyhogy volt szerencsém kisdobosként és úttörőként kezdeni közösségi életemet.(Ebből az maradt vissza, hogy a mai napig szeretek tábortűz mellett barátokkal énekelni). A kor szelleme a racionalitás volt, úgyhogy csak titokban jutottam el néha templomba, engedve a nagyszülői unszolásnak.</p>
<p>Középiskoláimat<img class=" wp-image-91 alignleft" src="https://csaladfelallitas.cafeblog.hu/files/2016/01/gabi-300x300.jpg" alt="gabi" width="244" height="244" /> egy kísérleti természettudományos osztályban végeztem, ahol Boros Dezső tanár úr Marx György professzort gyakorta vendégül látta, hogy magfizikáról meséljen nekünk. Megbódultunk, beleszerettünk az anyag varázslatos világába, a misztikába hajló összefüggések feltárásába. A másik sok örömet jelentő tárgy az irodalom volt számomra, ahol az emberek közötti viszonyok megismerése jelentett sosem csökkenő izgalmat.</p>
<p>A pályaválasztás nem tűnt egyszerűnek, irodalmár fizikus vagy fizikus irodalmár szerettem volna lenni. Hogy épp az orvosi egyetemre vettek fel, ezt már inkább az égiek intézték, nem a saját elhatározásom. Legfeljebb azért egyezhettem bele, mert ebből az irányból is lehet a lélekhez közeledni. Így tehát végig tanultam a csontok, az izmok, a belső szervek, az agy molekuláris működését. Egy nyári gyakorlaton csaknem elcsábított az egyik oktatóm a belgyógyászat felé: -Ne legyél bolond dilidoki, legyél okos belgyógyász!- mondta. Aztán a viziten kifejtette, hogy <em>-a betegek fele "bolond", nem lehet velük mit csinálni. Ki-be járnak a kórházból, pedig csak a fejükben kellene rendet tenni</em>.-</p>
<p> Látván, mekkora a kihívás, maradtam tehát a pszichiátriánál. Azonban hiába tanultam meg az agy anatómiáját, működését, molekuláinak titkait, sajnos –bár a páciensek fele meggyógyult- igen sokan maradtak, akiknek a nehézségeit még csak meg sem értettem. Így indultam el a pszichoterápiák világa felé.</p>
<p>A Tündérhegyi Pszichoterápiás Osztályon a pszichoanalízis alapjaival ismerkedtem, Daubner Bélánál az Integratív Pszichoterápiás Egyesület szervezésében hipnózist, NLP-t tanultam. Elkezdtem az ismerkedést a pszichodrámával is, azonban Fadgyas Ildikó, aki járt Bert Hellingernél egy alkalommal épp az én példámon mutatta be a csoportnak a módszer működését. Akkor éreztem először, hogy megérkeztem abba a világba, amelyet ifjúkori álmaim előrevetítettek (fizikus irodalmár :-))))). Az energiák, az emberi kapcsolódások egy képben jelentek meg.</p>
<p>A Hellinger Intézet által szervezett képzésen család- és rendszer állítói végzettséget szereztem.</p>
<p>Már családállítóként éreztem a hiányát a test energetikai rendszerének mélyebb ismeretének, így előbb testterapeuta, majd légzéstréneri végzettséget szereztem a Transzperszonális Pszichológia és Légzés Intézetben. </p>
<p>Lezárult egy kör, újra a testet vizsgálom és nyílik az újabb kapu a transzperszonális szintek felé. Itt már mit sem érnek a papírok, csak mindaz, ahogy a saját személyiségem rétegeit hántva, gyógyítgatva a gyermekkori sebeket én is úton vagyok.</p>
<p><strong>Végzettségeim:</strong></p>
<p><strong>1984</strong>-ben érettségiztem Jászberényben a Lehel Vezér Gimnázium Integrált Természettudományos szakán.</p>
<p><strong>1991</strong>-ben  A SZOTE Általános Orvostudományi karán diplomát szereztem.</p>
<p><strong>1996</strong>-ban Pszichiátriából szakvizsgát tettem.</p>
<p><strong>2000</strong>-ben a HIETE-Tündérhegyi Pszichoterápiás képzés Klinikai I és II. fázisát eredményesen zártam. (Az analítikusan orientált rövid dinamikus pszichoterápia és a pszichoterápia alapjai voltak a képzés fő témái).</p>
<p><strong>2000-2002</strong> között 300 óra pszichodráma önismereti képzést teljesítettem.</p>
<p><strong>2001-2002</strong>-ben az Integratív Pszichoterápiás Egyesület szervezésében, Daubner Béla vezetésével Hipnózis, KIP, NLP alapképzésen vettem részt.</p>
<p><strong>2006-2008</strong> között a Hellinger Intézet /www.hellingerintezet.hu/ közreműködésével, a németországi IFOSYS szervezésében Intergatív szisztémikus rendszer- és családállítóként végeztem. </p>
<p><strong>2008-2009</strong>-ben a Transzperszonális Pszichológia és Légzés Intézet /www. transzlegzes.hu/ Testakadémia szakán testterapeuta minősítést szereztem.</p>
<p><strong>2010-2011-</strong>ben szintén a TPLI-ben légzéstréneri minősítést szereztem.</p>
<p><strong>2010-2012-ig </strong>általános lélektani alapismereteket oktatta a Hellinger Intézetben és a Transzperszonális Pszichológia és Energialégzés Intézet hallgatóinak. </p>
<p><strong>2012. 10. 12-n indítottam Farkas Zitával és Vágvölgyi Dórával az Integrál Szemléletű Családállító képzést.</strong></p>
<p>&nbsp;</p>
<p>És sose feledjük:</p>
<p>"...rész szerint van bennünk az ismeret, rész szerint a prófétálás.</p>
<p>De mikor eljő a teljesség, a rész szerint való eltöröltetik. ...</p>
<p>Most tükör által, homályosan látunk, akkor színről-színre. </p>
<p>most rész szerint van bennem az ismeret, akkor pedig úgy ismerek majd, amint én is megismertettem"<br /><br /></p>
